{"id":3,"date":"2023-05-26T10:45:30","date_gmt":"2023-05-26T08:45:30","guid":{"rendered":"https:\/\/pharo.bigfive.cloud\/?page_id=3"},"modified":"2023-07-27T20:53:04","modified_gmt":"2023-07-27T18:53:04","slug":"privacy-policy","status":"publish","type":"page","link":"https:\/\/pharo.bigfive.cloud\/eng\/privacy-policy\/","title":{"rendered":"Privacy Policy"},"content":{"rendered":"<h2 class=\"wp-block-heading\"><strong>Informativa sul trattamento dei dati personali<\/strong><br><strong>ai sensi degli artt. 13-14 del Regolamento UE 2016\/679<\/strong><\/h2>\n\n\n\n<h3 class=\"wp-block-heading\"><strong>Titolare del trattamento e Interessato<\/strong><\/h3>\n\n\n\n<p>Kryalos SGR S.p.A., con sede legale in Milano, Via Cordusio n. 1 (di seguito, la &#8220;<strong>Societ\u00e0<\/strong>&#8221; o il &#8220;<strong>Titolare<\/strong>&#8220;), societ\u00e0 di gestione del Fondo di Investimento Alternativo Immobiliare di tipo chiuso denominato \u201cPharo\u201d, in qualit\u00e0 di Titolare del trattamento dei dati personali, nella persona del proprio legale rappresentante, raccoglie e tratta i dati personali degli utenti (di seguito, gli &#8220;<strong>Utenti<\/strong>&#8220;) che interagiscano con il sito web https:\/\/pharo.bigfive.cloud\/ (di seguito il &#8220;<strong>Sito<\/strong>&#8220;) secondo le modalit\u00e0 e per le finalit\u00e0 di cui alla presente informativa, ed in conformit\u00e0 con il Regolamento Europeo sulla protezione dei dati personali 679\/2016 (di seguito il &#8220;<strong>Regolamento Privacy<\/strong>&#8221; o \u201c<strong>GDPR<\/strong>\u201d).<\/p>\n\n\n\n<p>I soggetti interessati sono gli Utenti del Sito https:\/\/pharo.bigfive.cloud\/<\/p>\n\n\n\n<h3 class=\"wp-block-heading\"><strong>Finalit\u00e0 del trattamento<\/strong><\/h3>\n\n\n\n<p>I dati personali saranno utilizzati per le seguenti finalit\u00e0:<\/p>\n\n\n\n<ul class=\"wp-block-list\" type=\"a\">\n<li>consentire agli Utenti di fruire delle funzionalit\u00e0 del Sito, ivi inclusa la richiesta di informazioni sui servizi della Societ\u00e0 tramite l&#8217;apposita sezione &#8220;Contatti&#8221;;<\/li>\n<\/ul>\n\n\n\n<p>(di seguito definite &#8220;<strong>Finalit\u00e0 Contrattuali<\/strong>&#8220;);<\/p>\n\n\n\n<ul class=\"wp-block-list\">\n<li>adempiere agli obblighi derivanti dalla normativa applicabile, ivi compresa l&#8217;esecuzione di comunicazioni alle Autorit\u00e0 competenti e agli Organi di vigilanza e per conformarsi con richieste proveniente dalle stesse;<\/li>\n\n\n\n<li>far valere o difendere un proprio diritto in sede giudiziaria o stragiudiziale<\/li>\n<\/ul>\n\n\n\n<p>(di seguito definite &#8220;<strong>Finalit\u00e0 di Legge<\/strong>\u201d).<\/p>\n\n\n\n<h3 class=\"wp-block-heading\"><strong>Base giuridica del trattamento<\/strong><\/h3>\n\n\n\n<p>Il trattamento dei dati degli Utenti \u00e8 necessario, data la sua essenzialit\u00e0, al fine di:<\/p>\n\n\n\n<ul class=\"wp-block-list\">\n<li>permettere agli Utenti di fruire dei servizi offerti dal Sito;<\/li>\n\n\n\n<li>adeguarsi alle disposizioni della normativa applicabile nel caso previsto al paragrafo 2 lettere b) e c).<\/li>\n<\/ul>\n\n\n\n<p>Qualora l&#8217;Utente non fornisse i dati necessari per le Finalit\u00e0 sopra indicate, non sar\u00e0 possibile fruire dei servizi offerti dal Sito.<\/p>\n\n\n\n<h3 class=\"wp-block-heading\"><strong>Modalit\u00e0 del trattamento<\/strong><\/h3>\n\n\n\n<p>I dati personali potranno essere trattati a mezzo calcolatori elettronici con utilizzo di sistemi software gestiti da terzi.<\/p>\n\n\n\n<p>Ogni trattamento avviene nel rispetto delle modalit\u00e0 di cui agli artt. 6, 32 del GDPR e mediante l&#8217;adozione delle adeguate misure di sicurezza.<\/p>\n\n\n\n<h3 class=\"wp-block-heading\"><strong>Ambito di comunicazione dei dati e diffusione<\/strong><\/h3>\n\n\n\n<p>I dati personali dell\u2019Interessato saranno trattati unicamente da personale espressamente autorizzato dal Titolare e, in particolare, dalle seguenti categorie di personale:<\/p>\n\n\n\n<ul class=\"wp-block-list\">\n<li>operatori autorizzati per la gestione del Sito;<\/li>\n\n\n\n<li>ufficio Marketing del Titolare;<\/li>\n\n\n\n<li>consulenti incaricati dal Titolare.<\/li>\n<\/ul>\n\n\n\n<p>I dati personali potranno inoltre essere comunicati su base volontaria da parte dell\u2019Interessato, scrivendo agli indirizzi email indicati nel Sito.<\/p>\n\n\n\n<p>In alcune ipotesi, i dai personali potrebbero essere comunicati a terzi per una corretta gestione del rapporto ed in particolare alle seguenti categorie di destinatari, tra cui i Responsabili del Trattamento debitamente nominati, tra cui fornitori provider di servizi web per la gestione tecnica del Sito.<\/p>\n\n\n\n<p>I dati personali dell\u2019Interessato non verranno diffusi in alcun modo.<\/p>\n\n\n\n<h3 class=\"wp-block-heading\"><strong>Trasferimento dei dati all&#8217;estero<\/strong><\/h3>\n\n\n\n<p>I dati personali degli Utenti non saranno trasferiti al di fuori dello Spazio Economico Europeo.<\/p>\n\n\n\n<h3 class=\"wp-block-heading\"><strong>Periodo di conservazione<\/strong><\/h3>\n\n\n\n<p>Nel rispetto dei principi di liceit\u00e0, limitazione delle finalit\u00e0 e minimizzazione dei dati, ai sensi dell\u2019art. 5 del GDPR, il periodo di conservazione dei dati personali \u00e8:<\/p>\n\n\n\n<ul class=\"wp-block-list\">\n<li>per le finalit\u00e0 contrattuali di cui alla lett. a), del paragrafo 2, per un periodo di tempo non superiore a 365 giorni dalla consultazione del Sito da parte dell\u2019Utente, salvo un diverso periodo necessario per un adempimento normativo;<\/li>\n\n\n\n<li>per le finalit\u00e0 di legge indicate al paragrafo 2, per un periodo di tempo non superiore a quello necessario all\u2019adempimento degli obblighi normativi e\/o all\u2019accertamento di eventuali illeciti, ai sensi della normativa applicabile.<\/li>\n<\/ul>\n\n\n\n<p>Una volta decorsi i termini sopra indicati, i dati dell&#8217;Utente saranno cancellati, anonimizzati e\/o aggregati.<\/p>\n\n\n\n<h3 class=\"wp-block-heading\"><strong>Cookie<\/strong><\/h3>\n\n\n\n<p>I cookie sono stringhe di testo che i siti web visitati dagli utenti (cd. Publisher, o \u201cprime parti\u201d) ovvero siti o web server diversi (cd. \u201cterze parti\u201d) posizionano ed archiviano all\u2019interno del dispositivo terminale dell\u2019utente medesimo, perch\u00e9 siano poi ritrasmessi agli stessi siti alla visita successiva.<\/p>\n\n\n\n<p>I web beacon sono una delle varie tecniche usate nelle pagine web per permettere il tracciamento dei visitatori in modo discreto (solitamente invisibile).<\/p>\n\n\n\n<p>Questo Sito non utilizza cookie di alcun tipo. Non sono presenti web beacon.<\/p>\n\n\n\n<p>Poich\u00e9 tutti i browser &#8211; e spesso diverse versioni dello stesso browser &#8211; differiscono anche sensibilmente gli uni dagli altri, se l\u2019Interessato preferisce agire autonomamente mediante le preferenze del proprio browser, pu\u00f2 trovare informazioni dettagliate sulla procedura necessaria nella guida dello stesso browser.<\/p>\n\n\n\n<h3 class=\"wp-block-heading\"><strong>Diritti dell&#8217;Interessato<\/strong><\/h3>\n\n\n\n<p>L\u2019Interessato ha diritto di ottenere dal Titolare la cancellazione (diritto all&#8217;oblio), la limitazione, l&#8217;aggiornamento, la rettificazione, la portabilit\u00e0, l&#8217;opposizione al trattamento dei dati personali che La riguardano, nonch\u00e9 in generale pu\u00f2 esercitare tutti i diritti previsti dagli artt. 15, 16, 17, 18, 19, 20, 21, 22 del GDPR. L&#8217;Interessato ha diritto di ottenere la conferma dell&#8217;esistenza o meno di dati personali che lo riguardano, anche se non ancora registrati, la loro comunicazione in forma intelligibile e la possibilit\u00e0 di effettuare reclamo presso l\u2019Autorit\u00e0 di controllo.<\/p>\n\n\n\n<p>Ferma restando la possibilit\u00e0 degli Utenti di non conferire i propri dati, gli stessi, in ogni momento e gratuitamente, potranno: (i) ottenere conferma dell&#8217;esistenza o meno di dati che li riguardano; (ii) conoscere l&#8217;origine dei dati, le finalit\u00e0 del trattamento e le sue modalit\u00e0, nonch\u00e9 la logica applicata al trattamento effettuato mediate strumenti elettronici; (iii) chiedere l&#8217;aggiornamento, la rettificazione o &#8211; se ne hanno interesse &#8211; l&#8217;integrazione dei dati che li riguardano; (iv) ottenere la cancellazione, la trasformazione in forma anonima o il blocco dei dati eventualmente trattati in violazione della legge; (v) chiedere alla Societ\u00e0 la limitazione del trattamento dei dati che li riguarda nel caso in cui (1) gli Utenti contestino l&#8217;esattezza dei dati, per il periodo necessario alla Societ\u00e0 per verificare l&#8217;esattezza di tali dati; (2) il trattamento \u00e8 illecito e gli Utenti si oppongono alla cancellazione dei dati e chiedono invece che ne sia limitato l&#8217;utilizzo; (3) bench\u00e9 la Societ\u00e0 non ne abbia pi\u00f9 bisogno ai fini del trattamento, i dati sono necessari agli Utenti per l&#8217;accertamento, l&#8217;esercizio o la difesa di un diritto in sede giudiziaria; (4) gli Utenti si sono opposti al trattamento ai sensi dell&#8217;articolo 21, paragrafo 1, del Regolamento in attesa della verifica in merito all&#8217;eventuale prevalenza dei motivi legittimi della Societ\u00e0 rispetto a quelli degli Utenti; (vi) chiedere la cancellazione dei dati che li riguardano senza ingiustificato ritardo; (vii) ottenere la portabilit\u00e0 dei dati che li riguardano; (viii) proporre reclamo al Garante per la Protezione dei Dati Personali, ove ne sussistano i presupposti.<\/p>\n\n\n\n<h3 class=\"wp-block-heading\"><strong>Contatti<\/strong><\/h3>\n\n\n\n<p>Per l\u2019esercizio dei diritti sopra indicati, l\u2019Interessato potr\u00e0 in ogni momento scrivere al seguente indirizzo di posta elettronica: <a href=\"mailto:privacy@kryalossgr.com\">privacy@kryalossgr.com<\/a>. L\u2019Interessato potr\u00e0, inoltre, rivolgersi al Responsabile della protezione dei dati (DPO), scrivendo al seguente indirizzo e-mail: <a href=\"mailto:dpo@kryalossgr.com\">dpo@kryalossgr.com<\/a>.<\/p>\n\n\n\n<h3 class=\"wp-block-heading\"><strong>Modifiche e aggiornamenti<\/strong><\/h3>\n\n\n\n<p>La presente informativa \u00e8 valida dalla data indicata. La Societ\u00e0 potrebbe apportare modifiche e\/o integrazioni all\u2019informativa, anche quale conseguenza di aggiornamenti normativi. Eventuali modifiche all&#8217;informativa saranno sempre consultabili all&#8217;indirizzo <a href=\"https:\/\/pharo.bigfive.cloud\/eng\/privacy\/\">https:\/\/pharo.bigfive.cloud\/privacy\/<\/a><\/p>\n\n\n\n<p>27\/07\/2023<\/p>","protected":false},"excerpt":{"rendered":"<p>Informativa sul trattamento dei dati personaliai sensi degli artt. 13-14 del Regolamento UE 2016\/679 Titolare del trattamento e Interessato Kryalos SGR S.p.A., con sede legale in Milano, Via Cordusio n. 1 (di seguito, la &#8220;Societ\u00e0&#8221; o il &#8220;Titolare&#8220;), societ\u00e0 di gestione del Fondo di Investimento Alternativo Immobiliare di tipo chiuso denominato \u201cPharo\u201d, in qualit\u00e0 di [&hellip;]<\/p>\n","protected":false},"author":1,"featured_media":0,"parent":0,"menu_order":0,"comment_status":"closed","ping_status":"open","template":"page_plain.php","meta":{"_acf_changed":false,"inline_featured_image":false,"footnotes":""},"class_list":["post-3","page","type-page","status-publish","hentry"],"acf":[],"_links":{"self":[{"href":"https:\/\/pharo.bigfive.cloud\/eng\/wp-json\/wp\/v2\/pages\/3","targetHints":{"allow":["GET"]}}],"collection":[{"href":"https:\/\/pharo.bigfive.cloud\/eng\/wp-json\/wp\/v2\/pages"}],"about":[{"href":"https:\/\/pharo.bigfive.cloud\/eng\/wp-json\/wp\/v2\/types\/page"}],"author":[{"embeddable":true,"href":"https:\/\/pharo.bigfive.cloud\/eng\/wp-json\/wp\/v2\/users\/1"}],"replies":[{"embeddable":true,"href":"https:\/\/pharo.bigfive.cloud\/eng\/wp-json\/wp\/v2\/comments?post=3"}],"version-history":[{"count":6,"href":"https:\/\/pharo.bigfive.cloud\/eng\/wp-json\/wp\/v2\/pages\/3\/revisions"}],"predecessor-version":[{"id":585,"href":"https:\/\/pharo.bigfive.cloud\/eng\/wp-json\/wp\/v2\/pages\/3\/revisions\/585"}],"wp:attachment":[{"href":"https:\/\/pharo.bigfive.cloud\/eng\/wp-json\/wp\/v2\/media?parent=3"}],"curies":[{"name":"wp","href":"https:\/\/api.w.org\/{rel}","templated":true}]}}

<h2 class="wp-block-heading"><strong>Informativa sul trattamento dei dati personali</strong><br><strong>ai sensi degli artt. 13-14 del Regolamento UE 2016/679</strong></h2>



<h3 class="wp-block-heading"><strong>Titolare del trattamento e Interessato</strong></h3>



<p>Kryalos SGR S.p.A., con sede legale in Milano, Via Cordusio n. 1 (di seguito, la &#8220;<strong>Società</strong>&#8221; o il &#8220;<strong>Titolare</strong>&#8220;), società di gestione del Fondo di Investimento Alternativo Immobiliare di tipo chiuso denominato “Pharo”, in qualità di Titolare del trattamento dei dati personali, nella persona del proprio legale rappresentante, raccoglie e tratta i dati personali degli utenti (di seguito, gli &#8220;<strong>Utenti</strong>&#8220;) che interagiscano con il sito web https://pharo.bigfive.cloud/ (di seguito il &#8220;<strong>Sito</strong>&#8220;) secondo le modalità e per le finalità di cui alla presente informativa, ed in conformità con il Regolamento Europeo sulla protezione dei dati personali 679/2016 (di seguito il &#8220;<strong>Regolamento Privacy</strong>&#8221; o “<strong>GDPR</strong>”).</p>



<p>I soggetti interessati sono gli Utenti del Sito https://pharo.bigfive.cloud/</p>



<h3 class="wp-block-heading"><strong>Finalità del trattamento</strong></h3>



<p>I dati personali saranno utilizzati per le seguenti finalità:</p>



<ul class="wp-block-list" type="a">
<li>consentire agli Utenti di fruire delle funzionalità del Sito, ivi inclusa la richiesta di informazioni sui servizi della Società tramite l&#8217;apposita sezione &#8220;Contatti&#8221;;</li>
</ul>



<p>(di seguito definite &#8220;<strong>Finalità Contrattuali</strong>&#8220;);</p>



<ul class="wp-block-list">
<li>adempiere agli obblighi derivanti dalla normativa applicabile, ivi compresa l&#8217;esecuzione di comunicazioni alle Autorità competenti e agli Organi di vigilanza e per conformarsi con richieste proveniente dalle stesse;</li>



<li>far valere o difendere un proprio diritto in sede giudiziaria o stragiudiziale</li>
</ul>



<p>(di seguito definite &#8220;<strong>Finalità di Legge</strong>”).</p>



<h3 class="wp-block-heading"><strong>Base giuridica del trattamento</strong></h3>



<p>Il trattamento dei dati degli Utenti è necessario, data la sua essenzialità, al fine di:</p>



<ul class="wp-block-list">
<li>permettere agli Utenti di fruire dei servizi offerti dal Sito;</li>



<li>adeguarsi alle disposizioni della normativa applicabile nel caso previsto al paragrafo 2 lettere b) e c).</li>
</ul>



<p>Qualora l&#8217;Utente non fornisse i dati necessari per le Finalità sopra indicate, non sarà possibile fruire dei servizi offerti dal Sito.</p>



<h3 class="wp-block-heading"><strong>Modalità del trattamento</strong></h3>



<p>I dati personali potranno essere trattati a mezzo calcolatori elettronici con utilizzo di sistemi software gestiti da terzi.</p>



<p>Ogni trattamento avviene nel rispetto delle modalità di cui agli artt. 6, 32 del GDPR e mediante l&#8217;adozione delle adeguate misure di sicurezza.</p>



<h3 class="wp-block-heading"><strong>Ambito di comunicazione dei dati e diffusione</strong></h3>



<p>I dati personali dell’Interessato saranno trattati unicamente da personale espressamente autorizzato dal Titolare e, in particolare, dalle seguenti categorie di personale:</p>



<ul class="wp-block-list">
<li>operatori autorizzati per la gestione del Sito;</li>



<li>ufficio Marketing del Titolare;</li>



<li>consulenti incaricati dal Titolare.</li>
</ul>



<p>I dati personali potranno inoltre essere comunicati su base volontaria da parte dell’Interessato, scrivendo agli indirizzi email indicati nel Sito.</p>



<p>In alcune ipotesi, i dai personali potrebbero essere comunicati a terzi per una corretta gestione del rapporto ed in particolare alle seguenti categorie di destinatari, tra cui i Responsabili del Trattamento debitamente nominati, tra cui fornitori provider di servizi web per la gestione tecnica del Sito.</p>



<p>I dati personali dell’Interessato non verranno diffusi in alcun modo.</p>



<h3 class="wp-block-heading"><strong>Trasferimento dei dati all&#8217;estero</strong></h3>



<p>I dati personali degli Utenti non saranno trasferiti al di fuori dello Spazio Economico Europeo.</p>



<h3 class="wp-block-heading"><strong>Periodo di conservazione</strong></h3>



<p>Nel rispetto dei principi di liceità, limitazione delle finalità e minimizzazione dei dati, ai sensi dell’art. 5 del GDPR, il periodo di conservazione dei dati personali è:</p>



<ul class="wp-block-list">
<li>per le finalità contrattuali di cui alla lett. a), del paragrafo 2, per un periodo di tempo non superiore a 365 giorni dalla consultazione del Sito da parte dell’Utente, salvo un diverso periodo necessario per un adempimento normativo;</li>



<li>per le finalità di legge indicate al paragrafo 2, per un periodo di tempo non superiore a quello necessario all’adempimento degli obblighi normativi e/o all’accertamento di eventuali illeciti, ai sensi della normativa applicabile.</li>
</ul>



<p>Una volta decorsi i termini sopra indicati, i dati dell&#8217;Utente saranno cancellati, anonimizzati e/o aggregati.</p>



<h3 class="wp-block-heading"><strong>Cookie</strong></h3>



<p>I cookie sono stringhe di testo che i siti web visitati dagli utenti (cd. Publisher, o “prime parti”) ovvero siti o web server diversi (cd. “terze parti”) posizionano ed archiviano all’interno del dispositivo terminale dell’utente medesimo, perché siano poi ritrasmessi agli stessi siti alla visita successiva.</p>



<p>I web beacon sono una delle varie tecniche usate nelle pagine web per permettere il tracciamento dei visitatori in modo discreto (solitamente invisibile).</p>



<p>Questo Sito non utilizza cookie di alcun tipo. Non sono presenti web beacon.</p>



<p>Poiché tutti i browser &#8211; e spesso diverse versioni dello stesso browser &#8211; differiscono anche sensibilmente gli uni dagli altri, se l’Interessato preferisce agire autonomamente mediante le preferenze del proprio browser, può trovare informazioni dettagliate sulla procedura necessaria nella guida dello stesso browser.</p>



<h3 class="wp-block-heading"><strong>Diritti dell&#8217;Interessato</strong></h3>



<p>L’Interessato ha diritto di ottenere dal Titolare la cancellazione (diritto all&#8217;oblio), la limitazione, l&#8217;aggiornamento, la rettificazione, la portabilità, l&#8217;opposizione al trattamento dei dati personali che La riguardano, nonché in generale può esercitare tutti i diritti previsti dagli artt. 15, 16, 17, 18, 19, 20, 21, 22 del GDPR. L&#8217;Interessato ha diritto di ottenere la conferma dell&#8217;esistenza o meno di dati personali che lo riguardano, anche se non ancora registrati, la loro comunicazione in forma intelligibile e la possibilità di effettuare reclamo presso l’Autorità di controllo.</p>



<p>Ferma restando la possibilità degli Utenti di non conferire i propri dati, gli stessi, in ogni momento e gratuitamente, potranno: (i) ottenere conferma dell&#8217;esistenza o meno di dati che li riguardano; (ii) conoscere l&#8217;origine dei dati, le finalità del trattamento e le sue modalità, nonché la logica applicata al trattamento effettuato mediate strumenti elettronici; (iii) chiedere l&#8217;aggiornamento, la rettificazione o &#8211; se ne hanno interesse &#8211; l&#8217;integrazione dei dati che li riguardano; (iv) ottenere la cancellazione, la trasformazione in forma anonima o il blocco dei dati eventualmente trattati in violazione della legge; (v) chiedere alla Società la limitazione del trattamento dei dati che li riguarda nel caso in cui (1) gli Utenti contestino l&#8217;esattezza dei dati, per il periodo necessario alla Società per verificare l&#8217;esattezza di tali dati; (2) il trattamento è illecito e gli Utenti si oppongono alla cancellazione dei dati e chiedono invece che ne sia limitato l&#8217;utilizzo; (3) benché la Società non ne abbia più bisogno ai fini del trattamento, i dati sono necessari agli Utenti per l&#8217;accertamento, l&#8217;esercizio o la difesa di un diritto in sede giudiziaria; (4) gli Utenti si sono opposti al trattamento ai sensi dell&#8217;articolo 21, paragrafo 1, del Regolamento in attesa della verifica in merito all&#8217;eventuale prevalenza dei motivi legittimi della Società rispetto a quelli degli Utenti; (vi) chiedere la cancellazione dei dati che li riguardano senza ingiustificato ritardo; (vii) ottenere la portabilità dei dati che li riguardano; (viii) proporre reclamo al Garante per la Protezione dei Dati Personali, ove ne sussistano i presupposti.</p>



<h3 class="wp-block-heading"><strong>Contatti</strong></h3>



<p>Per l’esercizio dei diritti sopra indicati, l’Interessato potrà in ogni momento scrivere al seguente indirizzo di posta elettronica: <a href="mailto:privacy@kryalossgr.com">privacy@kryalossgr.com</a>. L’Interessato potrà, inoltre, rivolgersi al Responsabile della protezione dei dati (DPO), scrivendo al seguente indirizzo e-mail: <a href="mailto:dpo@kryalossgr.com">dpo@kryalossgr.com</a>.</p>



<h3 class="wp-block-heading"><strong>Modifiche e aggiornamenti</strong></h3>



<p>La presente informativa è valida dalla data indicata. La Società potrebbe apportare modifiche e/o integrazioni all’informativa, anche quale conseguenza di aggiornamenti normativi. Eventuali modifiche all&#8217;informativa saranno sempre consultabili all&#8217;indirizzo <a href="https://pharo.bigfive.cloud/eng/privacy/">https://pharo.bigfive.cloud/privacy/</a></p>



<p>27/07/2023</p>

<p>Informativa sul trattamento dei dati personaliai sensi degli artt. 13-14 del Regolamento UE 2016/679 Titolare del trattamento e Interessato Kryalos SGR S.p.A., con sede legale in Milano, Via Cordusio n. 1 (di seguito, la &#8220;Società&#8221; o il &#8220;Titolare&#8220;), società di gestione del Fondo di Investimento Alternativo Immobiliare di tipo chiuso denominato “Pharo”, in qualità di [&hellip;]</p>
